{"id":921,"date":"2020-01-27T14:37:50","date_gmt":"2020-01-27T13:37:50","guid":{"rendered":"http:\/\/www.syndicapicole41.org\/?page_id=921"},"modified":"2025-03-17T13:45:30","modified_gmt":"2025-03-17T12:45:30","slug":"manifestation-2020","status":"publish","type":"page","link":"http:\/\/www.syndicapicole41.org\/?page_id=921","title":{"rendered":"MANIFESTATIONS"},"content":{"rendered":"\n<h2> Manifestations 2024 :   <\/h2>\n\n\n\n<p class=\"has-text-align-left\">11 Juin 2024 : participation aux petites randonn\u00e9es assur\u00e9e par Martial et Christian    <\/p>\n\n\n\n<p> <\/p>\n\n\n\n<div class=\"wp-block-columns\">\n<div class=\"wp-block-column\" style=\"flex-basis:100%\">\n<div class=\"wp-block-columns\">\n<div class=\"wp-block-column\">\n<div class=\"wp-block-group\"><div class=\"wp-block-group__inner-container\">\n<figure class=\"wp-block-gallery columns-1 is-cropped\"><ul class=\"blocks-gallery-grid\"><li class=\"blocks-gallery-item\"><figure><img loading=\"lazy\" width=\"135\" height=\"300\" src=\"http:\/\/www.syndicapicole41.org\/wp-content\/uploads\/2025\/03\/IMG-20240605-WA0003-135x300.jpg\" alt=\"\" data-id=\"1286\" data-full-url=\"http:\/\/www.syndicapicole41.org\/wp-content\/uploads\/2025\/03\/IMG-20240605-WA0003.jpg\" data-link=\"http:\/\/www.syndicapicole41.org\/?attachment_id=1286\" class=\"wp-image-1286\" srcset=\"http:\/\/www.syndicapicole41.org\/wp-content\/uploads\/2025\/03\/IMG-20240605-WA0003-135x300.jpg 135w, http:\/\/www.syndicapicole41.org\/wp-content\/uploads\/2025\/03\/IMG-20240605-WA0003-461x1024.jpg 461w, http:\/\/www.syndicapicole41.org\/wp-content\/uploads\/2025\/03\/IMG-20240605-WA0003-332x738.jpg 332w, http:\/\/www.syndicapicole41.org\/wp-content\/uploads\/2025\/03\/IMG-20240605-WA0003.jpg 509w\" sizes=\"(max-width: 135px) 100vw, 135px\" \/><\/figure><\/li><\/ul><figcaption class=\"blocks-gallery-caption\">d\u00e9gustation de miel en perspective<\/figcaption><\/figure>\n<\/div><\/div>\n<\/div>\n\n\n\n<div class=\"wp-block-column\">\n<figure class=\"wp-block-gallery columns-2 is-cropped\"><ul class=\"blocks-gallery-grid\"><li class=\"blocks-gallery-item\"><figure><img loading=\"lazy\" width=\"1024\" height=\"768\" src=\"http:\/\/www.syndicapicole41.org\/wp-content\/uploads\/2025\/03\/IMG-20240605-WA0004-1024x768.jpg\" alt=\"\" data-id=\"1287\" data-link=\"http:\/\/www.syndicapicole41.org\/?attachment_id=1287\" class=\"wp-image-1287\" srcset=\"http:\/\/www.syndicapicole41.org\/wp-content\/uploads\/2025\/03\/IMG-20240605-WA0004-1024x768.jpg 1024w, http:\/\/www.syndicapicole41.org\/wp-content\/uploads\/2025\/03\/IMG-20240605-WA0004-300x225.jpg 300w, http:\/\/www.syndicapicole41.org\/wp-content\/uploads\/2025\/03\/IMG-20240605-WA0004-768x576.jpg 768w, http:\/\/www.syndicapicole41.org\/wp-content\/uploads\/2025\/03\/IMG-20240605-WA0004-1536x1152.jpg 1536w, http:\/\/www.syndicapicole41.org\/wp-content\/uploads\/2025\/03\/IMG-20240605-WA0004-700x525.jpg 700w, http:\/\/www.syndicapicole41.org\/wp-content\/uploads\/2025\/03\/IMG-20240605-WA0004-332x249.jpg 332w, http:\/\/www.syndicapicole41.org\/wp-content\/uploads\/2025\/03\/IMG-20240605-WA0004.jpg 1600w\" sizes=\"(max-width: 1024px) 100vw, 1024px\" \/><\/figure><\/li><li class=\"blocks-gallery-item\"><figure><img loading=\"lazy\" width=\"768\" height=\"1024\" src=\"http:\/\/www.syndicapicole41.org\/wp-content\/uploads\/2025\/03\/IMG-20240611-WA0003-768x1024.jpg\" alt=\"\" data-id=\"1288\" data-full-url=\"http:\/\/www.syndicapicole41.org\/wp-content\/uploads\/2025\/03\/IMG-20240611-WA0003.jpg\" data-link=\"http:\/\/www.syndicapicole41.org\/?attachment_id=1288\" class=\"wp-image-1288\" srcset=\"http:\/\/www.syndicapicole41.org\/wp-content\/uploads\/2025\/03\/IMG-20240611-WA0003-768x1024.jpg 768w, http:\/\/www.syndicapicole41.org\/wp-content\/uploads\/2025\/03\/IMG-20240611-WA0003-225x300.jpg 225w, http:\/\/www.syndicapicole41.org\/wp-content\/uploads\/2025\/03\/IMG-20240611-WA0003-1152x1536.jpg 1152w, http:\/\/www.syndicapicole41.org\/wp-content\/uploads\/2025\/03\/IMG-20240611-WA0003-700x933.jpg 700w, http:\/\/www.syndicapicole41.org\/wp-content\/uploads\/2025\/03\/IMG-20240611-WA0003-332x443.jpg 332w, http:\/\/www.syndicapicole41.org\/wp-content\/uploads\/2025\/03\/IMG-20240611-WA0003.jpg 1200w\" sizes=\"(max-width: 768px) 100vw, 768px\" \/><\/figure><\/li><\/ul><\/figure>\n\n\n\n<figure class=\"wp-block-gallery columns-1 is-cropped\"><ul class=\"blocks-gallery-grid\"><li class=\"blocks-gallery-item\"><figure><img loading=\"lazy\" width=\"768\" height=\"1024\" src=\"http:\/\/www.syndicapicole41.org\/wp-content\/uploads\/2025\/03\/IMG-20240611-WA0005-768x1024.jpg\" alt=\"\" data-id=\"1289\" data-full-url=\"http:\/\/www.syndicapicole41.org\/wp-content\/uploads\/2025\/03\/IMG-20240611-WA0005.jpg\" data-link=\"http:\/\/www.syndicapicole41.org\/?attachment_id=1289\" class=\"wp-image-1289\" srcset=\"http:\/\/www.syndicapicole41.org\/wp-content\/uploads\/2025\/03\/IMG-20240611-WA0005-768x1024.jpg 768w, http:\/\/www.syndicapicole41.org\/wp-content\/uploads\/2025\/03\/IMG-20240611-WA0005-225x300.jpg 225w, http:\/\/www.syndicapicole41.org\/wp-content\/uploads\/2025\/03\/IMG-20240611-WA0005-1152x1536.jpg 1152w, http:\/\/www.syndicapicole41.org\/wp-content\/uploads\/2025\/03\/IMG-20240611-WA0005-700x933.jpg 700w, http:\/\/www.syndicapicole41.org\/wp-content\/uploads\/2025\/03\/IMG-20240611-WA0005-332x443.jpg 332w, http:\/\/www.syndicapicole41.org\/wp-content\/uploads\/2025\/03\/IMG-20240611-WA0005.jpg 1200w\" sizes=\"(max-width: 768px) 100vw, 768px\" \/><\/figure><\/li><\/ul><figcaption class=\"blocks-gallery-caption\">d\u00e9couverte de la vie des abeilles et d&rsquo;une ruche p\u00e9dagogique<\/figcaption><\/figure>\n<\/div>\n<\/div>\n<\/div>\n<\/div>\n\n\n\n<h2> <\/h2>\n\n\n\n<ul><li><strong>Samedi 8 juin : Echapp\u00e9e Nature d&rsquo;Aggloplolys \u00e0 Veuzain sur Loire avec la participation du CDPN<\/strong><br><br><\/li><\/ul>\n\n\n\n<div class=\"wp-block-columns\">\n<div class=\"wp-block-column\" style=\"flex-basis:100%\">\n<div class=\"wp-block-columns\">\n<div class=\"wp-block-column\" style=\"flex-basis:100%\">\n<div class=\"wp-block-columns\">\n<div class=\"wp-block-column\">\n<figure class=\"wp-block-image size-large\"><img loading=\"lazy\" width=\"1024\" height=\"768\" src=\"http:\/\/www.syndicapicole41.org\/wp-content\/uploads\/2025\/03\/IMG_20240608_151916-1-1024x768.jpg\" alt=\"\" class=\"wp-image-1281\" srcset=\"http:\/\/www.syndicapicole41.org\/wp-content\/uploads\/2025\/03\/IMG_20240608_151916-1-1024x768.jpg 1024w, http:\/\/www.syndicapicole41.org\/wp-content\/uploads\/2025\/03\/IMG_20240608_151916-1-300x225.jpg 300w, http:\/\/www.syndicapicole41.org\/wp-content\/uploads\/2025\/03\/IMG_20240608_151916-1-768x576.jpg 768w, http:\/\/www.syndicapicole41.org\/wp-content\/uploads\/2025\/03\/IMG_20240608_151916-1-1536x1152.jpg 1536w, http:\/\/www.syndicapicole41.org\/wp-content\/uploads\/2025\/03\/IMG_20240608_151916-1-2048x1536.jpg 2048w, http:\/\/www.syndicapicole41.org\/wp-content\/uploads\/2025\/03\/IMG_20240608_151916-1-700x525.jpg 700w, http:\/\/www.syndicapicole41.org\/wp-content\/uploads\/2025\/03\/IMG_20240608_151916-1-332x249.jpg 332w\" sizes=\"(max-width: 1024px) 100vw, 1024px\" \/><\/figure>\n<\/div>\n\n\n\n<div class=\"wp-block-column\">\n<figure class=\"wp-block-image size-large\"><img loading=\"lazy\" width=\"1024\" height=\"768\" src=\"http:\/\/www.syndicapicole41.org\/wp-content\/uploads\/2025\/03\/IMG_20240608_151925_1-1024x768.jpg\" alt=\"\" class=\"wp-image-1282\" srcset=\"http:\/\/www.syndicapicole41.org\/wp-content\/uploads\/2025\/03\/IMG_20240608_151925_1-1024x768.jpg 1024w, http:\/\/www.syndicapicole41.org\/wp-content\/uploads\/2025\/03\/IMG_20240608_151925_1-300x225.jpg 300w, http:\/\/www.syndicapicole41.org\/wp-content\/uploads\/2025\/03\/IMG_20240608_151925_1-768x576.jpg 768w, http:\/\/www.syndicapicole41.org\/wp-content\/uploads\/2025\/03\/IMG_20240608_151925_1-1536x1152.jpg 1536w, http:\/\/www.syndicapicole41.org\/wp-content\/uploads\/2025\/03\/IMG_20240608_151925_1-2048x1536.jpg 2048w, http:\/\/www.syndicapicole41.org\/wp-content\/uploads\/2025\/03\/IMG_20240608_151925_1-700x525.jpg 700w, http:\/\/www.syndicapicole41.org\/wp-content\/uploads\/2025\/03\/IMG_20240608_151925_1-332x249.jpg 332w\" sizes=\"(max-width: 1024px) 100vw, 1024px\" \/><\/figure>\n<\/div>\n\n\n\n<div class=\"wp-block-column\">\n<figure class=\"wp-block-gallery columns-1 is-cropped\"><ul class=\"blocks-gallery-grid\"><li class=\"blocks-gallery-item\"><figure><img loading=\"lazy\" width=\"1024\" height=\"768\" src=\"http:\/\/www.syndicapicole41.org\/wp-content\/uploads\/2025\/03\/IMG_20240608_151938_1-1024x768.jpg\" alt=\"\" data-id=\"1283\" data-full-url=\"http:\/\/www.syndicapicole41.org\/wp-content\/uploads\/2025\/03\/IMG_20240608_151938_1-scaled.jpg\" data-link=\"http:\/\/www.syndicapicole41.org\/?attachment_id=1283\" class=\"wp-image-1283\" srcset=\"http:\/\/www.syndicapicole41.org\/wp-content\/uploads\/2025\/03\/IMG_20240608_151938_1-1024x768.jpg 1024w, http:\/\/www.syndicapicole41.org\/wp-content\/uploads\/2025\/03\/IMG_20240608_151938_1-300x225.jpg 300w, http:\/\/www.syndicapicole41.org\/wp-content\/uploads\/2025\/03\/IMG_20240608_151938_1-768x576.jpg 768w, http:\/\/www.syndicapicole41.org\/wp-content\/uploads\/2025\/03\/IMG_20240608_151938_1-1536x1152.jpg 1536w, http:\/\/www.syndicapicole41.org\/wp-content\/uploads\/2025\/03\/IMG_20240608_151938_1-2048x1536.jpg 2048w, http:\/\/www.syndicapicole41.org\/wp-content\/uploads\/2025\/03\/IMG_20240608_151938_1-700x525.jpg 700w, http:\/\/www.syndicapicole41.org\/wp-content\/uploads\/2025\/03\/IMG_20240608_151938_1-332x249.jpg 332w\" sizes=\"(max-width: 1024px) 100vw, 1024px\" \/><\/figure><\/li><\/ul><\/figure>\n<\/div>\n<\/div>\n<\/div>\n<\/div>\n<\/div>\n<\/div>\n\n\n\n<p class=\"has-large-font-size\"><span class=\"has-inline-color has-luminous-vivid-orange-color\"><strong>22\/02\/2025 : Vraie manifestation sur la place publique contre la loi \u00ab\u00a0DUPLOMB\u00a0\u00bb vot\u00e9e par les S\u00e9nateurs au m\u00e9pris de<\/strong> <strong>la sant\u00e9 de nos abeilles, de la biodiversit\u00e9 et des humains.<\/strong> <\/span><\/p>\n\n\n\n<p class=\"has-medium-font-size\"><span class=\"has-inline-color has-luminous-vivid-orange-color\"> <\/span><span class=\"has-inline-color has-black-color\">A lire dans le pav\u00e9 \u00ab\u00a0Nouvelles\u00a0\u00bb<\/span><\/p>\n\n\n\n<p><\/p>\n\n\n\n<p class=\"has-text-align-center has-medium-font-size\"><strong>___________________________________________________________<\/strong><\/p>\n\n\n\n<p class=\"has-text-align-center has-medium-font-size\"><\/p>\n\n\n\n\n\n<figure class=\"wp-block-gallery columns-0 is-cropped\"><ul class=\"blocks-gallery-grid\"><\/ul><\/figure>\n","protected":false},"excerpt":{"rendered":"<p>Manifestations 2024 : 11 Juin 2024 : participation aux petites randonn\u00e9es assur\u00e9e par Martial et Christian Samedi 8 juin : Echapp\u00e9e Nature d&rsquo;Aggloplolys \u00e0 Veuzain sur Loire avec la participation du CDPN 22\/02\/2025 : Vraie manifestation sur la place publique contre la loi \u00ab\u00a0DUPLOMB\u00a0\u00bb vot\u00e9e par les S\u00e9nateurs au m\u00e9pris &#8230;<\/p>\n","protected":false},"author":1,"featured_media":0,"parent":0,"menu_order":0,"comment_status":"closed","ping_status":"closed","template":"","meta":{"_bbp_topic_count":0,"_bbp_reply_count":0,"_bbp_total_topic_count":0,"_bbp_total_reply_count":0,"_bbp_voice_count":0,"_bbp_anonymous_reply_count":0,"_bbp_topic_count_hidden":0,"_bbp_reply_count_hidden":0,"_bbp_forum_subforum_count":0},"_links":{"self":[{"href":"http:\/\/www.syndicapicole41.org\/index.php?rest_route=\/wp\/v2\/pages\/921"}],"collection":[{"href":"http:\/\/www.syndicapicole41.org\/index.php?rest_route=\/wp\/v2\/pages"}],"about":[{"href":"http:\/\/www.syndicapicole41.org\/index.php?rest_route=\/wp\/v2\/types\/page"}],"author":[{"embeddable":true,"href":"http:\/\/www.syndicapicole41.org\/index.php?rest_route=\/wp\/v2\/users\/1"}],"replies":[{"embeddable":true,"href":"http:\/\/www.syndicapicole41.org\/index.php?rest_route=%2Fwp%2Fv2%2Fcomments&post=921"}],"version-history":[{"count":34,"href":"http:\/\/www.syndicapicole41.org\/index.php?rest_route=\/wp\/v2\/pages\/921\/revisions"}],"predecessor-version":[{"id":1317,"href":"http:\/\/www.syndicapicole41.org\/index.php?rest_route=\/wp\/v2\/pages\/921\/revisions\/1317"}],"wp:attachment":[{"href":"http:\/\/www.syndicapicole41.org\/index.php?rest_route=%2Fwp%2Fv2%2Fmedia&parent=921"}],"curies":[{"name":"wp","href":"https:\/\/api.w.org\/{rel}","templated":true}]}}